git of 52160?
2
What is the tens digit of 5647?
4
What is the hundreds digit of 738?
7
What is the units digit of 5?
5
What is the ten thousands digit of 53591?
5
What is the tens digit of 5400?
0
What is the units digit of 598?
8
What is the tens digit of 2925?
2
What is the tens digit of 1039?
3
What is the hundreds digit of 2806?
8
What is the hundreds digit of 7209?
2
What is the hundreds digit of 125?
1
What is the tens digit of 3605?
0
What is the units digit of 415?
5
What is the units digit of 966?
6
What is the units digit of 7360?
0
What is the tens digit of 28?
2
What is the tens digit of 2597?
9
What is the ten thousands digit of 29829?
2
What is the tens digit of 702?
0
What is the tens digit of 315?
1
What is the tens digit of 12649?
4
What is the ten thousands digit of 86024?
8
What is the tens digit of 2089?
8
What is the units digit of 2956?
6
What is the tens digit of 3866?
6
What is the hundreds digit of 2057?
0
What is the tens digit of 16384?
8
What is the units digit of 259?
9
What is the units digit of 19035?
5
What is the units digit of 9105?
5
What is the hundreds digit of 1894?
8
What is the units digit of 4182?
2
What is the hundreds digit of 4490?
4
What is the tens digit of 2347?
4
What is the hundreds digit of 35204?
2
What is the tens digit of 1934?
3
What is the hundreds digit of 4497?
4
What is the units digit of 2407?
7
What is the units digit of 22355?
5
What is the hundreds digit of 948?
9
What is the tens digit of 3360?
6
What is the ten thousands digit of 18043?
1
What is the tens digit of 46231?
3
What is the thousands digit of 40021?
0
What is the hundreds digit of 9849?
8
What is the tens digit of 13267?
6
What is the hundreds digit of 1013?
0
What is the thousands digit of 1313?
1
What is the tens digit of 19026?
2
What is the units digit of 54820?
0
What is the ten thousands digit of 23631?
2
What is the thousands digit of 13591?
3
What is the tens digit of 44362?
6
What is the units digit of 648?
8
What is the hundreds digit of 4889?
8
What is the ten thousands digit of 24541?
2
What is the units digit of 15195?
5
What is the tens digit of 6683?
8
What is the ten thousands digit of 29663?
2
What is the hundreds digit of 5196?
1
What is the thousands digit of 19820?
9
What is the tens digit of 32138?
3
What is the units digit of 49887?
7
What is the thousands digit of 1247?
1
What is the units digit of 1969?
9
What is the tens digit of 2954?
5
What is the units digit of 7922?
2
What is the hundreds digit of 1205?
2
What is the tens digit of 844?
4
What is the hundreds digit of 8082?
0
What is the tens digit of 12952?
5
What is the ten thousands digit of 33056?
3
What is the units digit of 474?
4
What is the units digit of 301?
1
What is the units digit of 499?
9
What is the tens digit of 21078?
7
What is the tens digit of 116020?
2
What is the hundreds digit of 32894?
8
What is the hundreds digit of 302?
3
What is the ten thousands digit of 23674?
2
What is the thousands digit of 18462?
8
What is the thousands digit of 5097?
5
What is the tens digit of 53994?
9
What is the units digit of 2928?
8
What is the units digit of 127362?
2
What is the hundreds digit of 5181?
1
What is the units digit of 1461?
1
What is the thousands digit of 4060?
4
What is the hundreds digit of 45516?
5
What is the units digit of 673?
3
What is the units digit of 98?
8
What is the units digit of 30069?
9
What is the thousands digit of 66260?
6
What is the tens digit of 5945?
4
What is the tens digit of 18450?
5
What is the units digit of 93?
3
What is the units digit of 607?
7
What is the units digit of 217?
7
What is the tens digit of 7983?
8
What is the tens digit of 4066?
6
What is the thousands digit of 4268?
4
What is the units digit of 11684?
4
What is the tens digit of 46?
4
What is the tens digit of 840?
4
What is the hundreds digit of 1096?
0
What is the units digit of 981?
1
What is the units digit of 21406?
6
What is the thousands digit of 2957?
2
What is the tens digit of 1291?
9
What is the tens digit of 20797?
9
What is the tens digit of 1604?
0
What is the thousands digit of 24600?
4
What is the units digit of 2086?
6
What is the units digit of 18928?
8
What is the tens digit of 927?
2
What is the ten thousands digit of 48413?
4
What is the hundreds digit of 986?
9
What is the units digit of 119193?
3
What is the tens digit of 2805?
0
What is the units digit of 89?
9
What is the hundreds digit of 5929?
9
What is the units digit of 227?
7
What is the hundreds digit of 3151?
1
What is the tens digit of 30250?
5
What is the hundreds digit of 2840?
8
What is the units digit of 2341?
1
What is the units digit of 38?
8
What is the units digit of 4286?
6
What is the tens digit of 2139?
3
What is the hundreds digit of 6649?
6
What is the thousands digit of 15780?
5
What is the units digit of 190?
0
What is the tens digit of 728?
2
What is the units digit of 88?
8
What is the hundreds digit of 2287?
2
What is the ten thousands digit of 185357?
8
What is the hundreds digit of 5376?
3
What is the thousands digit of 1753?
1
What is the thousands digit of 30264?
0
What is the hundreds digit of 786?
7
What is the hundreds digit of 468?
4
What is the units digit of 29601?
1
What is the ten thousands digit of 114934?
1
What is the units digit of 60067?
7
What is the tens digit of 3819?
1
What is the hundreds digit of 4197?
1
What is the hundreds digit of 6520?
5
What is the hundreds digit of 684?
6
What is the hundreds digit of 173?
1
What is the units digit of 1024?
4
What is the thousands digit of 2397?
2
What is the ten thousands digit of 11765?
1
What is the hundreds digit of 3654?
6
What is the hundreds digit of 5401?
4
What is the units digit of 619?
9
What is the units digit of 85348?
8
What is the hundreds digit of 821?
8
What is the ten thousands digit of 14355?
1
What is the thousands digit of 8535?
8
What is the tens digit of 15800?
0
What is the units digit of 1409?
9
What is the tens digit of 4434?
3
What is the hundreds digit of 1363?
3
What is the tens digit of 87230?
3
What is the units digit of 3175?
5
What is the units digit of 850?
0
What is the ten thousands digit of 10754?
1
What is the thousands digit of 42195?
2
What is the hundreds digit of 598?
5
What is the thousands digit of 4336?
4
What is the hundreds digit of 3515?
5
What is the ten thousands digit of 20040?
2
What is the thousands digit of 3058?
3
What is the units digit of 29634?
4
What is the tens digit of 2766?
6
What is the hundreds digit of 169?
1
What is the units digit of 4053?
3
What is the hundreds digit of 563?
5
What is the thousands digit of 35344?
5
What is the tens digit of 3840?
4
What is the ten thousands digit of 13556?
1
What is the thousands digit of 4495?
4
What is the hundreds digit of 564?
5
What is the units digit of 34?
4
What is the units digit of 18642?
2
What is the units digit of 538?
8
What is the hundreds digit of 254?
2
What is the thousands digit of 8312?
8
What is the tens digit of 11215?
1
What is the thousands digit of 1414?
1
What is the units digit of 21669?
9
What is the units digit of 39303?
3
What is the units digit of 27406?
6
What is the hundreds digit of 1804?
8
What is the tens digit of 5534?
3
What is the tens digit of 537?
3
What is the units digit of 280?
0
What is the units digit of 4718?
8
What is the hundreds digit of 127089?
0
What is the ten thousands digit of 18843?
1
What is the units digit of 627?
7
What is the hundreds digit of 1211?
2
What is the units digit of 2548?
8
What is the units digit of 20789?
9
What is the thousands digit of 1870?
1
What is the units digit of 13729?
9
What is the tens digit of 365?
6
What is the hundreds digit of 294?
2
What is the hundreds digit of 20871?
8
What is the thousands digit of 8749?
8
What is the hundreds digit of 69504?
5
What is the thousands digit of 2727?
2
What is the tens digit of 294?
9
What is the hundreds digit of 2263?
2
What is the hundreds digit of 882?
8
What is the ten thousands digit of 10726?
1
What is the hundreds digit of 543?
5
What is the ten thousands digit of 44324?
4
What is the tens digit of 79340?
4
What is the units digit of 54027?
7
What is the units digit of 2904?
4
What is the tens digit of 638?
3
What is the units di